6 (base 15) in base 5?
-11
Convert -5 (base 14) to base 7.
-5
What is 18 (base 10) in base 4?
102
-15 (base 15) to base 7
-26
What is -43 (base 7) in base 14?
-23
What is 50 (base 6) in base 4?
132
Convert -1 (base 9) to base 3.
-1
Convert -5 (base 7) to base 10.
-5
What is -a3 (base 14) in base 6?
-355
What is -43 (base 10) in base 13?
-34
201 (base 3) to base 14
15
-1002 (base 7) to base 16
-159
33 (base 4) to base 12
13
Convert 201 (base 3) to base 10.
19
What is -14 (base 12) in base 7?
-22
What is 3 (base 15) in base 10?
3
Convert 80 (base 13) to base 4.
1220
Convert -4 (base 5) to base 6.
-4
What is -3 (base 13) in base 5?
-3
-1011111 (base 2) to base 8
-137
What is 15 (base 11) in base 6?
24
21 (base 10) to base 3
210
What is 2 (base 15) in base 9?
2
-30 (base 16) to base 8
-60
172 (base 8) to base 4
1322
100210 (base 3) to base 8
410
-2 (base 9) to base 12
-2
0 (base 12) to base 6
0
Convert -1210 (base 3) to base 16.
-30
What is 3 (base 14) in base 4?
3
10 (base 3) to base 9
3
Convert -4 (base 5) to base 13.
-4
What is -9c (base 14) in base 3?
-12010
-28 (base 16) to base 15
-2a
Convert 105 (base 9) to base 11.
79
Convert 11 (base 5) to base 8.
6
233 (base 4) to base 7
65
-18 (base 11) to base 7
-25
Convert -3 (base 7) to base 15.
-3
-88 (base 14) to base 12
-a0
Convert -51 (base 7) to base 5.
-121
What is 9 (base 13) in base 11?
9
111 (base 2) to base 3
21
What is 4a (base 14) in base 6?
150
What is -91 (base 12) in base 16?
-6d
-43 (base 6) to base 13
-21
What is -101 (base 3) in base 4?
-22
What is -7 (base 14) in base 6?
-11
-19 (base 11) to base 5
-40
-12 (base 3) to base 4
-11
Convert -3 (base 4) to base 13.
-3
What is 1 (base 9) in base 6?
1
Convert -2 (base 14) to base 16.
-2
What is -51 (base 11) in base 15?
-3b
What is -d1 (base 15) in base 6?
-524
Convert -79 (base 10) to base 13.
-61
What is 10002 (base 3) in base 13?
65
-102 (base 3) to base 14
-b
Convert -16 (base 10) to base 9.
-17
Convert -26 (base 7) to base 10.
-20
What is -18 (base 13) in base 10?
-21
-10 (base 8) to base 9
-8
-3 (base 7) to base 5
-3
What is -1 (base 8) in base 11?
-1
What is 22010 (base 3) in base 4?
3123
What is 4 (base 6) in base 7?
4
Convert 10010 (base 2) to base 4.
102
-75 (base 14) to base 2
-1100111
What is 1 (base 6) in base 11?
1
What is -36 (base 9) in base 8?
-41
What is 4 (base 9) in base 3?
11
102 (base 3) to base 12
b
Convert 44 (base 5) to base 13.
1b
What is -119 (base 13) in base 11?
-164
98 (base 12) to base 7
224
What is 4 (base 16) in base 13?
4
6 (base 9) to base 16
6
0 (base 3) to base 13
0
Convert 3 (base 11) to base 10.
3
What is 101011 (base 2) in base 4?
223
Convert -4f (base 16) to base 6.
-211
Convert 66 (base 14) to base 12.
76
-211 (base 6) to base 5
-304
Convert 6 (base 15) to base 9.
6
-20 (base 10) to base 9
-22
Convert 0 (base 3) to base 13.
0
Convert -97 (base 15) to base 2.
-10001110
Convert -1213 (base 4) to base 3.
-10211
What is 1 (base 7) in base 2?
1
Convert 10010 (base 2) to base 11.
17
-16 (base 11) to base 9
-18
-1 (base 13) to base 6
-1
2 (base 13) to base 9
2
-4 (base 9) to base 5
-4
Convert 0 (base 16) to base 12.
0
What is 26 (base 13) in base 9?
35
What is 4 (base 5) in base 11?
4
-12 (base 13) to base 5
-30
What is -19 (base 16) in base 13?
-1c
Convert 1c (base 14) to base 16.
1a
What is -38 (base 12) in base 10?
-44
-332 (base 5) to base 2
-1011100
What is -2 (base 9) in base 15?
-2
113 (base 4) to base 13
1a
Convert -2b (base 15) to base 2.
-101001
What is -1000000 (base 2) in base 14?
-48
Convert 1 (base 5) to base 3.
1
What is 2 (base 8) in base 12?
2
-172 (base 8) to base 15
-82
What is -2323 (base 4) in base 12?
-137
Convert 4 (base 7) to base 4.
10
What is -10 (base 13) in base 16?
-d
What is -8d (base 15) in base 11?
-111
What is 101 (base 2) in base 14?
5
-20 (base 11) to base 4
-112
6 (base 15) to base 2
110
-21 (base 16) to base 5
-113
What is -5 (base 8) in base 10?
-5
-142 (base 7) to base 4
-1033
Convert 8 (base 12) to base 11.
8
What is 1 (base 15) in base 2?
1
-161 (base 7) to base 11
-84
-8 (base 14) to base 2
-1000
57 (base 8) to base 11
43
1001100 (base 2) to base 14
56
-1 (base 13) to base 8
-1
Convert 21 (base 12) to base 6.
41
What is c (base 15) in base 13?
c
Convert -a (base 12) to base 8.
-12
-2 (base 3) to base 16
-2
-2 (base 8) to base 2
-10
-1131 (base 6) to base 15
-131
110011110 (base 2) to base 12
2a6
What is -32 (base 9) in base 15?
-1e
What is -b (base 12) in base 14?
-b
Convert 22 (base 5) to base 10.
12
32 (base 10) to base 13
26
Convert -126 (base 7) to base 15.
-49
Convert 2 (base 9) to base 11.
2
Convert -90 (base 12) to base 4.
-1230
11 (base 5) to base 3
20
-44 (base 7) to base 13
-26
-1 (base 16) to base 10
-1
0 (base 15) to base 13
0
-1 (base 9) to base 10
-1
Convert -7 (base 16) to base 15.
-7
Convert -3 (base 15) to base 9.
-3
12 (base 13) to base 10
15
-5 (base 8) to base 10
-5
Convert 4 (base 14) to base 8.
4
-12 (base 8) to base 3
-101
Convert 46 (base 8) to base 13.
2c
Convert 10 (base 8) to base 4.
20
28 (base 13) to base 9
37
-3 (base 15) to base 5
-3
-4 (base 6) to base 2
-100
What is -43 (base 5) in base 4?
-113
Convert 1 (base 12) to base 2.
1
What is 213 (base 5) in base 3?
2011
Convert -1341 (base 5) to base 6.
-1005
-11 (base 16) to base 5
-32
Convert 47 (base 9) to base 12.
37
What is -24 (base 8) in base 7?
-26
2 (base 7) to base 13
2
What is -1 (base 13) in base 14?
-1
7 (base 14) to base 12
7
Convert 53 (base 10) to base 9.
58
31 (base 4) to base 13
10
Convert -a (base 14) to base 6.
-14
Convert -99 (base 13) to base 16.
-7e
-13 (base 5) to base 2
-1000
What is -2 (base 4) in base 11?
-2
Convert -2 (base 3) to base 6.
-2
What is -8 (base 16) in base 14?
-8
-1a7 (base 11) to base 9
-284
What is 0 (base 6) in base 5?
0
Convert -4 (base 9) to base 6.
-4
-5 (base 10) to base 4
-11
3 (base 16) to base 10
3
What is 3 (base 4) in base 7?
3
What is 101010 (base 2) in base 13?
33
0 (base 7) to base 14
0
Convert 68 (base 12) to base 7.
143
-4 (base 15) to base 7
-4
What is 116 (base 10) in base 6?
312
100 (base 4) to base 15
11
Convert 10 (base 2) to base 16.
2
17 (base 12) to base 11
18
What is -22 (base 4) in base 5?
-20
What is 6 (base 10) in base 6?
10
Convert -3 (base 5) to base 8.
-3
Convert -1 (base 3) to base 2.
-1
1 (base 7) to base 9
1
Convert 3 (base 16) to base 11.
3
What is -6 (base 16) in base 14?
-6
Convert 22 (base 15) to base 5.
112
Convert 232 (base 6) to base 3.
10102
What is 7 (base 12) in base 5?
12
-11 (base 3) to base 4
-10
142 (base 5) to base 6
115
What is 101 (base 2) in base 9?
5
Convert 7 (base 14) to base 8.
7
What is 13 (base 4) in base 6?
11
-49 (base 10) to base 14
-37
Convert 1 (base 16) to base 13.
1
-4 (base 5) to base 16
-4
What is 1 (base 15) in base 10?
1
11103 (base 4) to base 2
101010011
What is 114 (base 5) in base 13?
28
What is 432 (base 5) in base 9?
140
Convert -1111 (base 3) to base 9.
-44
What is -1 (base 4) in base 11?
-1
Convert -5 (base 14) to base 3.
-12
-b5 (base 13) to base 8
-224
What is 3 (base 11) in base 4?
3
Convert 31 (base 10) to base 6.
51
What is -1 (base 10) in base 7?
-1
0 (base 13) to base 9
0
What is -70 (base 15) in base 13?
-81
Convert -1 (base 9) to base 14.
-1
Convert -10 (base 13) to base 6.
-21
Convert -24 (base 11) to base 3.
-222
What is 11121 (base 3) in base 15?
84
Convert 20 (base 8) to base 11.
15
What is -21 (base 11) in base 3?
-212
Convert 7 (base 10) to base 12.
7
What is -2 (base 12) in base 8?
-2
-120 (base 3) to base 10
-15
21 (base 3) to base 10
7
120 (base 4) to base 13
1b
11010 (base 2) to base 8
32
What is 4 (base 11) in base 2?
100
What is 110 (base 3) in base 14?
c
-20 (base 5) to base 3
-101
41 (base 6) to base 13
1c
Convert 108 (base 10) to base 16.
6c
Convert -6 (base 8) to base 9.
-6
Convert -b (base 12) to base 8.
-13
0 (base 3) to base 5
0
What is -18 (base 16) in base 4?
-120
-40 (base 7) to base 10
-28
-611 (base 7) to base 9
-365
What is 24 (base 7) in base 4?
102
What is -6 (base 12) in base 3?
-20
39 (base 12) to base 16
2d
Convert 31 (base 6) to base 5.
34
-6b (base 12) to base 7
-146
What is -11 (base 7) in base 2?
-1000
-4 (base 8) to base 2
-100
-29 (base 13) to base 6
-55
What is -11 (base 6) in base 12?
-7
Convert 202 (base 3) to base 2.
1